{"id":3102,"date":"2016-12-27T10:12:49","date_gmt":"2016-12-27T10:12:49","guid":{"rendered":"https:\/\/www.geektrip.ma\/trip\/?page_id=3102"},"modified":"2024-09-03T15:14:32","modified_gmt":"2024-09-03T14:14:32","slug":"home","status":"publish","type":"page","link":"https:\/\/www.geektrip.ma\/trip\/","title":{"rendered":"Agence de Voyage Maroc"},"content":{"rendered":"<div class=\"one withsmallpadding ppb_text\" style=\"text-align: left; padding: 30px 0 30px 0;\">\n<div class=\"standard_wrapper\">\n<div class=\"page_content_wrapper\">\n<div class=\"inner\">\n<div style=\"margin: auto; width: 100%;\">\n<p>&nbsp;<\/p>\n<div id=\"16808489631798521581\" class=\"alert_box notice\">\n<p>&nbsp;<\/p>\n<div class=\"alert_box_msg\">Vous envisagez votre premiere r\u00e9srvation sur geektrip ? Consultez notre <a href=\"https:\/\/www.geektrip.ma\/trip\/faq\">FAQ<\/a><\/div>\n<p>&nbsp;<\/p>\n<\/div>\n<\/div>\n<\/div>\n<\/div>\n<\/div>\n<\/div>\n<div class=\"one withsmallpadding ppb_header \" style=\"text-align: left; padding: 30px 0 30px 0;\">\n<div class=\"overlay_background\" style=\"background: rgba(0,0,0,1);\"><\/div>\n<div class=\"standard_wrapper\">\n<div class=\"page_content_wrapper\">\n<div class=\"inner\">\n<div style=\"margin: auto; width: 100%;\">\n<div class=\"ppb_header_content\"><a class=\"button small \">En savoir plus!<\/a><\/div>\n<\/div>\n<\/div>\n<\/div>\n<\/div>\n<\/div>\n<div class=\"one withsmallpadding ppb_header \" style=\"text-align: left; padding: 30px 0 30px 0;\">\n<div class=\"standard_wrapper\">\n<div class=\"page_content_wrapper\">\n<div class=\"inner\">\n<div style=\"margin: auto; width: 100%;\">\n<h2 class=\"ppb_title\">Les bons plans voyage \u00e0 saisir !<\/h2>\n<\/div>\n<\/div>\n<\/div>\n<\/div>\n<\/div>\n<div class=\"one withsmallpadding ppb_header \" style=\"text-align: left; padding: 30px 0 30px 0;\">\n<div class=\"standard_wrapper\">\n<div class=\"page_content_wrapper\">\n<div class=\"inner\">\n<div style=\"margin: auto; width: 100%;\">\n<h2 class=\"ppb_title\">Les bons plans voyage \u00e0 saisir !<\/h2>\n<\/div>\n<\/div>\n<\/div>\n<\/div>\n<\/div>\n<div class=\"one\">\n<div class=\"standard_wrapper\">\n<div class=\"page_content_wrapper\">\n<div class=\"inner\">\n<div class=\"one_half content_middle textright\" style=\"padding: 0px;\">\n<h2 class=\"ppb_title\">Voyages sur mesure<\/h2>\n<div class=\"ppb_header_content\">\n<p>Un voyage sur mesure, c\u2019est partir en circuit individuel en toute ind\u00e9pendance, sans contraintes ni souci de logistique.<br \/>\nParcourir \u00e0 votre rythme nos offres et laissez nous vous guider selon vos disponibilit\u00e9s vers la destination de votre choix.<\/p>\n<p><a class=\"button small \">D\u00e9couvrez nos offres<\/a><\/p>\n<\/div>\n<\/div>\n<div class=\"one_half last\"><\/div>\n<p>&nbsp;<\/p>\n<\/div>\n<\/div>\n<\/div>\n<\/div>\n<div class=\"one withsmallpadding ppb_header \" style=\"text-align: left; padding: 30px 0 30px 0;\">\n<div class=\"standard_wrapper\">\n<div class=\"page_content_wrapper\">\n<div class=\"inner\">\n<div style=\"margin: auto; width: 100%;\">\n<h2 class=\"ppb_title\">Le Blog de Geektrip<\/h2>\n<\/div>\n<\/div>\n<\/div>\n<\/div>\n<\/div>\n<div class=\"one withsmallpadding ppb_header \" style=\"text-align: left; padding: 30px 0 30px 0;\">\n<div class=\"standard_wrapper\">\n<div class=\"page_content_wrapper\">\n<div class=\"inner\">\n<div style=\"margin: auto; width: 100%;\">\n<h2 class=\"ppb_title\">Le Blog de Geektrip<\/h2>\n<\/div>\n<\/div>\n<\/div>\n<\/div>\n<\/div>\n<div class=\"one withsmallpadding ppb_header \" style=\"text-align: left; padding: 30px 0 30px 0;\">\n<div class=\"standard_wrapper\">\n<div class=\"page_content_wrapper\">\n<div class=\"inner\">\n<div style=\"margin: auto; width: 100%;\">\n<h2 class=\"ppb_title\">Pourquoi choisir Geektrip<\/h2>\n<\/div>\n<\/div>\n<\/div>\n<\/div>\n<\/div>\n<div class=\"standard_wrapper\">\n<div class=\"one_third withsmallpadding ppb_text\" style=\"text-align: left; padding: 30px 0 30px 0;\">\n<div class=\"standard_wrapper\">\n<div class=\"page_content_wrapper\">\n<div class=\"inner\">\n<div style=\"margin: auto; width: 100%;\">\n<p><img decoding=\"async\" class=\"\" title=\"Binoculars free icon\" src=\"https:\/\/image.flaticon.com\/icons\/svg\/345\/345971.svg\" alt=\"Binoculars free icon\" width=\"100\" height=\"94\" \/><\/p>\n<h4 class=\"p1\"><span class=\"s1\"><b style=\"font-weight: bold !important;\">Objectif<\/b><\/span><\/h4>\n<p>Promouvoir le tourisme extre\u0302me tout en participant au tourisme durable Partir a\u0300 la de\u0301couverte des lieux insolites et surprenants dans le royaume.<\/p>\n<\/div>\n<\/div>\n<\/div>\n<\/div>\n<\/div>\n<\/div>\n<div class=\"standard_wrapper\">\n<div class=\"one_third withsmallpadding ppb_text\" style=\"text-align: left; padding: 30px 0 30px 0;\">\n<div class=\"standard_wrapper\">\n<div class=\"page_content_wrapper\">\n<div class=\"inner\">\n<div style=\"margin: auto; width: 100%;\">\n<p><img decoding=\"async\" class=\"\" title=\"Hot air balloon free icon\" src=\"https:\/\/image.flaticon.com\/icons\/svg\/345\/345977.svg\" alt=\"Hot air balloon free icon\" width=\"101\" height=\"101\" \/><\/p>\n<h4 class=\"p1\"><span class=\"s1\"><b>Valeurs<\/b><\/span><\/h4>\n<p>Aventure, Energie, Entraide sociale, Activite\u0301s intenses, Vitalite\u0301. C\u2019est en s\u2019appuyant sur ces valeurs, que Geektrip.ma se surpasse, pour offrir le meilleur a\u0300 ses clients.<\/p>\n<\/div>\n<\/div>\n<\/div>\n<\/div>\n<\/div>\n<\/div>\n<div class=\"standard_wrapper\">\n<div class=\"one_third last withsmallpadding ppb_text\" style=\"text-align: left; padding: 30px 0 30px 0;\">\n<div class=\"standard_wrapper\">\n<div class=\"page_content_wrapper\">\n<div class=\"inner\">\n<div style=\"margin: auto; width: 100%;\">\n<p><img decoding=\"async\" class=\"\" title=\"Airplane free icon\" src=\"https:\/\/image.flaticon.com\/icons\/svg\/345\/345982.svg\" alt=\"Airplane free icon\" width=\"100\" height=\"100\" \/><\/p>\n<h4 class=\"p1\"><span class=\"s1\"><b>De\u0301marche<\/b><\/span><\/h4>\n<p>Programmes riches en aventures et en activite\u0301s Se\u0301lection des endroits d\u2019he\u0301bergement typiques et authentiques Garantir la se\u0301curite\u0301 et le confort aux voyageurs.<\/p>\n<\/div>\n<\/div>\n<\/div>\n<\/div>\n<\/div>\n<\/div>\n<div class=\"one withsmallpadding ppb_content_half_bg \" style=\"padding: 30px 0 30px 0;\">\n<div class=\"standard_wrapper\">\n<div class=\"page_content_wrapper\">\n<div class=\"inner\">\n<div class=\"one_half_bg floatright\" style=\"background: rgba(0,0,0,1);\">\n<h2 class=\"ppb_title\">Cherchez votre voyage selon vos besoins<\/h2>\n<div class=\"ppb_header_content\">[siq_searchbox type=\u00a0\u00bbsearch-bar\u00a0\u00bb placeholder=\u00a0\u00bbEx : Vtt, Randonn\u00e9e, Montagne, plage\u2026\u00a0\u00bb post-types=\u00a0\u00bbpost,page\u00a0\u00bb width=\u00a0\u00bb430\u2033 placement=\u00a0\u00bbleft\u00a0\u00bb]<\/div>\n<\/div>\n<\/div>\n<\/div>\n<\/div>\n<\/div>\n<div class=\"one withsmallpadding ppb_content_half_bg \" style=\"padding: 30px 0 30px 0;\">\n<div class=\"standard_wrapper\">\n<div class=\"page_content_wrapper\">\n<div class=\"inner\">\n<div class=\"one_half_bg floatright\" style=\"background: rgba(0,0,0,1);\">\n<h2 class=\"ppb_title\">Cherchez votre voyage selon vos besoins<\/h2>\n<div class=\"ppb_header_content\">[siq_searchbox type=\u00a0\u00bbsearch-bar\u00a0\u00bb placeholder=\u00a0\u00bbEx : Vtt, Randonn\u00e9e, Montagne, plage\u2026\u00a0\u00bb post-types=\u00a0\u00bbpost,page\u00a0\u00bb width=\u00a0\u00bb430\u2033 placement=\u00a0\u00bbleft\u00a0\u00bb]<\/div>\n<\/div>\n<\/div>\n<\/div>\n<\/div>\n<\/div>\n<div class=\"one withsmallpadding ppb_content_half_bg \" style=\"padding: 30px 0 30px 0;\">\n<div class=\"standard_wrapper\">\n<div class=\"page_content_wrapper\">\n<div class=\"inner\">\n<div class=\"one_half_bg floatright\" style=\"background: rgba(0,0,0,1);\">\n<h2 class=\"ppb_title\">Cherchez votre voyage selon vos besoins<\/h2>\n<div class=\"ppb_header_content\">[siq_searchbox type=\u00a0\u00bbsearch-bar\u00a0\u00bb placeholder=\u00a0\u00bbEx : Vtt, Randonn\u00e9e, Montagne, plage\u2026\u00a0\u00bb post-types=\u00a0\u00bbpost,page\u00a0\u00bb width=\u00a0\u00bb430\u2033 placement=\u00a0\u00bbleft\u00a0\u00bb]<\/div>\n<\/div>\n<\/div>\n<\/div>\n<\/div>\n<\/div>\n<div class=\"one withsmallpadding ppb_header \" style=\"text-align: left; padding: 30px 0 30px 0;\">\n<div class=\"standard_wrapper\">\n<div class=\"page_content_wrapper\">\n<div class=\"inner\">\n<div style=\"margin: auto; width: 100%;\">\n<h2 class=\"ppb_title\">Billetterie Geektrip<\/h2>\n<\/div>\n<\/div>\n<\/div>\n<\/div>\n<\/div>\n<div class=\"one withsmallpadding ppb_header \" style=\"text-align: left; padding: 30px 0 30px 0;\">\n<div class=\"standard_wrapper\">\n<div class=\"page_content_wrapper\">\n<div class=\"inner\">\n<div style=\"margin: auto; width: 100%;\">\n<h2 class=\"ppb_title\">Billetterie Geektrip<\/h2>\n<\/div>\n<\/div>\n<\/div>\n<\/div>\n<\/div>\n<div class=\"one withsmallpadding ppb_header \" style=\"text-align: left; padding: 30px 0 30px 0;\">\n<div class=\"standard_wrapper\">\n<div class=\"page_content_wrapper\">\n<div class=\"inner\">\n<div style=\"margin: auto; width: 100%;\">\n<h2 class=\"ppb_title\">Billetterie Geektrip<\/h2>\n<\/div>\n<\/div>\n<\/div>\n<\/div>\n<\/div>\n<div class=\"one withsmallpadding ppb_text\" style=\"text-align: left; padding: 30px 0 30px 0;\">\n<div class=\"standard_wrapper\">\n<div class=\"page_content_wrapper\">\n<div class=\"inner\">\n<div style=\"margin: auto; width: 100%;\">\n<div class=\"teaser_wrapper one_fourth center\" style=\"background-color: #f2f2f2;\">\n<p><img decoding=\"async\" src=\"https:\/\/i0.wp.com\/geektrip.ma\/trip\/wp-content\/uploads\/2017\/08\/auberge.jpg\" alt=\"\" data-recalc-dims=\"1\" \/><\/p>\n<div class=\"teaser_content_wrapper\">\n<h5>Logement<\/h5>\n<div class=\"teaser_content\">Ecolodges, Auberges\u2026<\/div>\n<\/div>\n<\/div>\n<div class=\"teaser_wrapper one_fourth center\" style=\"background-color: #f2f2f2;\">\n<p><img decoding=\"async\" src=\"https:\/\/i0.wp.com\/geektrip.ma\/trip\/wp-content\/uploads\/2017\/08\/event.png\" alt=\"\" data-recalc-dims=\"1\" \/><\/p>\n<div class=\"teaser_content_wrapper\">\n<h5>Events<\/h5>\n<div class=\"teaser_content\">Festivals, Spectacles\u2026<\/div>\n<\/div>\n<\/div>\n<div class=\"teaser_wrapper one_fourth center\" style=\"background-color: #f2f2f2;\">\n<p><img decoding=\"async\" src=\"https:\/\/i0.wp.com\/geektrip.ma\/trip\/wp-content\/uploads\/2017\/08\/loisirs.png\" alt=\"\" data-recalc-dims=\"1\" \/><\/p>\n<div class=\"teaser_content_wrapper\">\n<h5>Loisirs<\/h5>\n<div class=\"teaser_content\">Quads, Parachute, VTT\u2026<\/div>\n<\/div>\n<\/div>\n<div class=\"teaser_wrapper one_fourth last center\" style=\"background-color: #fcc447; color: #050505;\">\n<p><img decoding=\"async\" src=\"https:\/\/i0.wp.com\/geektrip.ma\/trip\/wp-content\/uploads\/2017\/08\/more.png\" alt=\"\" data-recalc-dims=\"1\" \/><\/p>\n<div class=\"teaser_content_wrapper\">\n<h5 style=\"color: #050505;\">Explorez !<\/h5>\n<div class=\"teaser_content\">Afficher toute la Billetterie<\/div>\n<\/div>\n<\/div>\n<\/div>\n<\/div>\n<\/div>\n<\/div>\n<\/div>\n<div class=\"one withsmallpadding ppb_header_youtube withbg parallax\" style=\"text-align: left; padding: 30px 0 30px 0;\">\n<div class=\"overlay_background\" style=\"background: rgba(0,0,0,1);\"><\/div>\n<div class=\"standard_wrapper\">\n<div class=\"page_content_wrapper\">\n<div class=\"inner\">\n<div style=\"margin: auto; width: 100%;\">\n<h2 class=\"ppb_title\">Geektrip vid\u00e9os<\/h2>\n<div class=\"ppb_header_content\">\n<p><a class=\"button small \" style=\"background-color: #f2ce3e !important; color: #ffffff !important; border: 1px solid #f2ce3e !important;\">D\u00e9couvrir<\/a><\/p>\n<div class=\"animate_counter_wrapper\">\n<p>Les gens qui nous suivent sur youtube<\/p>\n<div id=\"16808489631376451501\" class=\"odometer\" style=\"font-size: px; line-height: px;\">0<\/div>\n<div class=\"count_separator\"><\/div>\n<div class=\"counter_subject\">Abonn\u00e9es<\/div>\n<\/div>\n<\/div>\n<\/div>\n<\/div>\n<\/div>\n<\/div>\n<\/div>\n<div class=\"one withsmallpadding ppb_header \" style=\"text-align: left; padding: 30px 0 30px 0;\">\n<div class=\"standard_wrapper\">\n<div class=\"page_content_wrapper\">\n<div class=\"inner\">\n<div style=\"margin: auto; width: 100%;\">\n<h2 class=\"ppb_title\">Ce qu&rsquo;ils disent de nous<\/h2>\n<\/div>\n<\/div>\n<\/div>\n<\/div>\n<\/div>\n<div class=\"one withsmallpadding ppb_header \" style=\"text-align: left; padding: 30px 0 30px 0;\">\n<div class=\"standard_wrapper\">\n<div class=\"page_content_wrapper\">\n<div class=\"inner\">\n<div style=\"margin: auto; width: 100%;\">\n<h2 class=\"ppb_title\">Ce qu&rsquo;ils disent de nous<\/h2>\n<\/div>\n<\/div>\n<\/div>\n<\/div>\n<\/div>\n<div class=\"one withsmallpadding ppb_header \" style=\"text-align: left; padding: 30px 0 30px 0;\">\n<div class=\"standard_wrapper\">\n<div class=\"page_content_wrapper\">\n<div class=\"inner\">\n<div style=\"margin: auto; width: 100%;\">\n<h2 class=\"ppb_title\">Ce qu&rsquo;ils disent de nous<\/h2>\n<\/div>\n<\/div>\n<\/div>\n<\/div>\n<\/div>\n","protected":false},"excerpt":{"rendered":"<p>&nbsp; &nbsp; Vous envisagez votre premiere r\u00e9srvation sur geektrip ? Consultez notre FAQ &nbsp; En savoir plus! Les bons plans voyage \u00e0 saisir ! Les bons plans voyage \u00e0 saisir ! Voyages sur mesure Un voyage sur mesure, c\u2019est partir [&hellip;]<\/p>\n","protected":false},"author":1,"featured_media":0,"parent":0,"menu_order":0,"comment_status":"closed","ping_status":"closed","template":"","meta":{"footnotes":""},"class_list":["post-3102","page","type-page","status-publish","hentry"],"yoast_head":"<!-- This site is optimized with the Yoast SEO plugin v23.2 - https:\/\/yoast.com\/wordpress\/plugins\/seo\/ -->\n<title>Agence de Voyage Maroc - GEEKTRIP<\/title>\n<meta name=\"robots\" content=\"index, follow, max-snippet:-1, max-image-preview:large, max-video-preview:-1\" \/>\n<link rel=\"canonical\" href=\"https:\/\/www.geektrip.ma\/trip\/\" \/>\n<meta property=\"og:locale\" content=\"fr_FR\" \/>\n<meta property=\"og:type\" content=\"article\" \/>\n<meta property=\"og:title\" content=\"Agence de Voyage Maroc - GEEKTRIP\" \/>\n<meta property=\"og:description\" content=\"&nbsp; &nbsp; Vous envisagez votre premiere r\u00e9srvation sur geektrip ? Consultez notre FAQ &nbsp; En savoir plus! Les bons plans voyage \u00e0 saisir ! Les bons plans voyage \u00e0 saisir ! Voyages sur mesure Un voyage sur mesure, c\u2019est partir [&hellip;]\" \/>\n<meta property=\"og:url\" content=\"https:\/\/www.geektrip.ma\/trip\/\" \/>\n<meta property=\"og:site_name\" content=\"GEEKTRIP\" \/>\n<meta property=\"article:publisher\" content=\"http:\/\/www.facebook.com\/geektrip.ma\" \/>\n<meta property=\"article:modified_time\" content=\"2024-09-03T14:14:32+00:00\" \/>\n<meta property=\"og:image\" content=\"https:\/\/image.flaticon.com\/icons\/svg\/345\/345971.svg\" \/>\n<meta name=\"twitter:card\" content=\"summary_large_image\" \/>\n<meta name=\"twitter:label1\" content=\"Dur\u00e9e de lecture estim\u00e9e\" \/>\n\t<meta name=\"twitter:data1\" content=\"3 minutes\" \/>\n<script type=\"application\/ld+json\" class=\"yoast-schema-graph\">{\"@context\":\"https:\/\/schema.org\",\"@graph\":[{\"@type\":\"WebPage\",\"@id\":\"https:\/\/www.geektrip.ma\/trip\/\",\"url\":\"https:\/\/www.geektrip.ma\/trip\/\",\"name\":\"Agence de Voyage Maroc - GEEKTRIP\",\"isPartOf\":{\"@id\":\"https:\/\/www.geektrip.ma\/trip\/#website\"},\"primaryImageOfPage\":{\"@id\":\"https:\/\/www.geektrip.ma\/trip\/#primaryimage\"},\"image\":{\"@id\":\"https:\/\/www.geektrip.ma\/trip\/#primaryimage\"},\"thumbnailUrl\":\"https:\/\/image.flaticon.com\/icons\/svg\/345\/345971.svg\",\"datePublished\":\"2016-12-27T10:12:49+00:00\",\"dateModified\":\"2024-09-03T14:14:32+00:00\",\"breadcrumb\":{\"@id\":\"https:\/\/www.geektrip.ma\/trip\/#breadcrumb\"},\"inLanguage\":\"fr-FR\",\"potentialAction\":[{\"@type\":\"ReadAction\",\"target\":[\"https:\/\/www.geektrip.ma\/trip\/\"]}]},{\"@type\":\"ImageObject\",\"inLanguage\":\"fr-FR\",\"@id\":\"https:\/\/www.geektrip.ma\/trip\/#primaryimage\",\"url\":\"https:\/\/image.flaticon.com\/icons\/svg\/345\/345971.svg\",\"contentUrl\":\"https:\/\/image.flaticon.com\/icons\/svg\/345\/345971.svg\"},{\"@type\":\"BreadcrumbList\",\"@id\":\"https:\/\/www.geektrip.ma\/trip\/#breadcrumb\",\"itemListElement\":[{\"@type\":\"ListItem\",\"position\":1,\"name\":\"Accueil\",\"item\":\"https:\/\/www.geektrip.ma\/trip\/\"},{\"@type\":\"ListItem\",\"position\":2,\"name\":\"Agence de Voyage Maroc\"}]},{\"@type\":\"WebSite\",\"@id\":\"https:\/\/www.geektrip.ma\/trip\/#website\",\"url\":\"https:\/\/www.geektrip.ma\/trip\/\",\"name\":\"GEEKTRIP\",\"description\":\"Enjoy Morocco\",\"publisher\":{\"@id\":\"https:\/\/www.geektrip.ma\/trip\/#organization\"},\"potentialAction\":[{\"@type\":\"SearchAction\",\"target\":{\"@type\":\"EntryPoint\",\"urlTemplate\":\"https:\/\/www.geektrip.ma\/trip\/?s={search_term_string}\"},\"query-input\":\"required name=search_term_string\"}],\"inLanguage\":\"fr-FR\"},{\"@type\":\"Organization\",\"@id\":\"https:\/\/www.geektrip.ma\/trip\/#organization\",\"name\":\"GEEKTRIP\",\"url\":\"https:\/\/www.geektrip.ma\/trip\/\",\"logo\":{\"@type\":\"ImageObject\",\"inLanguage\":\"fr-FR\",\"@id\":\"https:\/\/www.geektrip.ma\/trip\/#\/schema\/logo\/image\/\",\"url\":\"https:\/\/www.geektrip.ma\/trip\/wp-content\/uploads\/2017\/03\/logogeektripsite.png\",\"contentUrl\":\"https:\/\/www.geektrip.ma\/trip\/wp-content\/uploads\/2017\/03\/logogeektripsite.png\",\"width\":200,\"height\":60,\"caption\":\"GEEKTRIP\"},\"image\":{\"@id\":\"https:\/\/www.geektrip.ma\/trip\/#\/schema\/logo\/image\/\"},\"sameAs\":[\"http:\/\/www.facebook.com\/geektrip.ma\",\"http:\/\/www.instagram.com\/geektrip\"]}]}<\/script>\n<!-- \/ Yoast SEO plugin. -->","yoast_head_json":{"title":"Agence de Voyage Maroc - GEEKTRIP","robots":{"index":"index","follow":"follow","max-snippet":"max-snippet:-1","max-image-preview":"max-image-preview:large","max-video-preview":"max-video-preview:-1"},"canonical":"https:\/\/www.geektrip.ma\/trip\/","og_locale":"fr_FR","og_type":"article","og_title":"Agence de Voyage Maroc - GEEKTRIP","og_description":"&nbsp; &nbsp; Vous envisagez votre premiere r\u00e9srvation sur geektrip ? Consultez notre FAQ &nbsp; En savoir plus! Les bons plans voyage \u00e0 saisir ! Les bons plans voyage \u00e0 saisir ! Voyages sur mesure Un voyage sur mesure, c\u2019est partir [&hellip;]","og_url":"https:\/\/www.geektrip.ma\/trip\/","og_site_name":"GEEKTRIP","article_publisher":"http:\/\/www.facebook.com\/geektrip.ma","article_modified_time":"2024-09-03T14:14:32+00:00","og_image":[{"url":"https:\/\/image.flaticon.com\/icons\/svg\/345\/345971.svg"}],"twitter_card":"summary_large_image","twitter_misc":{"Dur\u00e9e de lecture estim\u00e9e":"3 minutes"},"schema":{"@context":"https:\/\/schema.org","@graph":[{"@type":"WebPage","@id":"https:\/\/www.geektrip.ma\/trip\/","url":"https:\/\/www.geektrip.ma\/trip\/","name":"Agence de Voyage Maroc - GEEKTRIP","isPartOf":{"@id":"https:\/\/www.geektrip.ma\/trip\/#website"},"primaryImageOfPage":{"@id":"https:\/\/www.geektrip.ma\/trip\/#primaryimage"},"image":{"@id":"https:\/\/www.geektrip.ma\/trip\/#primaryimage"},"thumbnailUrl":"https:\/\/image.flaticon.com\/icons\/svg\/345\/345971.svg","datePublished":"2016-12-27T10:12:49+00:00","dateModified":"2024-09-03T14:14:32+00:00","breadcrumb":{"@id":"https:\/\/www.geektrip.ma\/trip\/#breadcrumb"},"inLanguage":"fr-FR","potentialAction":[{"@type":"ReadAction","target":["https:\/\/www.geektrip.ma\/trip\/"]}]},{"@type":"ImageObject","inLanguage":"fr-FR","@id":"https:\/\/www.geektrip.ma\/trip\/#primaryimage","url":"https:\/\/image.flaticon.com\/icons\/svg\/345\/345971.svg","contentUrl":"https:\/\/image.flaticon.com\/icons\/svg\/345\/345971.svg"},{"@type":"BreadcrumbList","@id":"https:\/\/www.geektrip.ma\/trip\/#breadcrumb","itemListElement":[{"@type":"ListItem","position":1,"name":"Accueil","item":"https:\/\/www.geektrip.ma\/trip\/"},{"@type":"ListItem","position":2,"name":"Agence de Voyage Maroc"}]},{"@type":"WebSite","@id":"https:\/\/www.geektrip.ma\/trip\/#website","url":"https:\/\/www.geektrip.ma\/trip\/","name":"GEEKTRIP","description":"Enjoy Morocco","publisher":{"@id":"https:\/\/www.geektrip.ma\/trip\/#organization"},"potentialAction":[{"@type":"SearchAction","target":{"@type":"EntryPoint","urlTemplate":"https:\/\/www.geektrip.ma\/trip\/?s={search_term_string}"},"query-input":"required name=search_term_string"}],"inLanguage":"fr-FR"},{"@type":"Organization","@id":"https:\/\/www.geektrip.ma\/trip\/#organization","name":"GEEKTRIP","url":"https:\/\/www.geektrip.ma\/trip\/","logo":{"@type":"ImageObject","inLanguage":"fr-FR","@id":"https:\/\/www.geektrip.ma\/trip\/#\/schema\/logo\/image\/","url":"https:\/\/www.geektrip.ma\/trip\/wp-content\/uploads\/2017\/03\/logogeektripsite.png","contentUrl":"https:\/\/www.geektrip.ma\/trip\/wp-content\/uploads\/2017\/03\/logogeektripsite.png","width":200,"height":60,"caption":"GEEKTRIP"},"image":{"@id":"https:\/\/www.geektrip.ma\/trip\/#\/schema\/logo\/image\/"},"sameAs":["http:\/\/www.facebook.com\/geektrip.ma","http:\/\/www.instagram.com\/geektrip"]}]}},"_links":{"self":[{"href":"https:\/\/www.geektrip.ma\/trip\/wp-json\/wp\/v2\/pages\/3102","targetHints":{"allow":["GET"]}}],"collection":[{"href":"https:\/\/www.geektrip.ma\/trip\/wp-json\/wp\/v2\/pages"}],"about":[{"href":"https:\/\/www.geektrip.ma\/trip\/wp-json\/wp\/v2\/types\/page"}],"author":[{"embeddable":true,"href":"https:\/\/www.geektrip.ma\/trip\/wp-json\/wp\/v2\/users\/1"}],"replies":[{"embeddable":true,"href":"https:\/\/www.geektrip.ma\/trip\/wp-json\/wp\/v2\/comments?post=3102"}],"version-history":[{"count":182,"href":"https:\/\/www.geektrip.ma\/trip\/wp-json\/wp\/v2\/pages\/3102\/revisions"}],"predecessor-version":[{"id":64295,"href":"https:\/\/www.geektrip.ma\/trip\/wp-json\/wp\/v2\/pages\/3102\/revisions\/64295"}],"wp:attachment":[{"href":"https:\/\/www.geektrip.ma\/trip\/wp-json\/wp\/v2\/media?parent=3102"}],"curies":[{"name":"wp","href":"https:\/\/api.w.org\/{rel}","templated":true}]}}